{"id":567,"date":"2024-03-21T19:31:28","date_gmt":"2024-03-21T19:31:28","guid":{"rendered":"https:\/\/indmass.com.mx\/home\/?page_id=567"},"modified":"2024-10-28T16:01:22","modified_gmt":"2024-10-28T16:01:22","slug":"567-2","status":"publish","type":"page","link":"https:\/\/indmass.com.mx\/home\/567-2\/","title":{"rendered":"Sucursales"},"content":{"rendered":"<p>[et_pb_section fb_built=\u00bb1&#8243; theme_builder_area=\u00bbpost_content\u00bb _builder_version=\u00bb4.27.0&#8243; _module_preset=\u00bbdefault\u00bb custom_margin=\u00bb||-301px|||\u00bb min_height=\u00bb730.6px\u00bb hover_enabled=\u00bb0&#8243; sticky_enabled=\u00bb0&#8243;][et_pb_row _builder_version=\u00bb4.27.0&#8243; _module_preset=\u00bbdefault\u00bb theme_builder_area=\u00bbpost_content\u00bb][et_pb_column _builder_version=\u00bb4.27.0&#8243; _module_preset=\u00bbdefault\u00bb type=\u00bb4_4&#8243; theme_builder_area=\u00bbpost_content\u00bb][\/et_pb_column][\/et_pb_row][\/et_pb_section][et_pb_section fb_built=\u00bb1&#8243; _builder_version=\u00bb4.17.6&#8243; _module_preset=\u00bbdefault\u00bb min_height=\u00bb252px\u00bb custom_margin=\u00bb90px|||||\u00bb global_colors_info=\u00bb{}\u00bb locked=\u00bboff\u00bb custom_padding=\u00bb188px||65px|||\u00bb][et_pb_row column_structure=\u00bb1_6,1_6,1_6,1_6,1_6,1_6&#8243; _builder_version=\u00bb4.27.0&#8243; _module_preset=\u00bbdefault\u00bb positioning=\u00bbabsolute\u00bb position_origin_a=\u00bbtop_center\u00bb min_height=\u00bb482.3px\u00bb custom_margin=\u00bb-302px|auto|102px|auto||\u00bb custom_padding=\u00bb||1px||false|false\u00bb hover_enabled=\u00bb0&#8243; global_colors_info=\u00bb{}\u00bb width=\u00bb92%\u00bb max_width=\u00bb1663px\u00bb sticky_enabled=\u00bb0&#8243; make_equal=\u00bbon\u00bb height=\u00bb1000px\u00bb animation_style=\u00bbflip\u00bb][et_pb_column type=\u00bb1_6&#8243; _builder_version=\u00bb4.17.6&#8243; _module_preset=\u00bbdefault\u00bb global_colors_info=\u00bb{}\u00bb][et_pb_text _builder_version=\u00bb4.27.0&#8243; _module_preset=\u00bbdefault\u00bb custom_padding=\u00bb||75px|||\u00bb hover_enabled=\u00bb0&#8243; global_colors_info=\u00bb{}\u00bb sticky_enabled=\u00bb0&#8243; width=\u00bb100%\u00bb custom_margin=\u00bb|265px||||\u00bb]<\/p>\n<p><strong>Matriz<\/strong><\/p>\n<p style=\"text-align: justify;\">Recursos Petroleros #5. Col. La Loma<br \/>Tlalnepantla, Edo. de M\u00e9xico. C.P. 54060<br \/>Tel. 5553979800<\/p>\n<p><a href=\"https:\/\/maps.app.goo.gl\/txvMkVgnEXHQByht8\" target=\"_blank\" rel=\"noopener\">\u00a0Ver en mapa<\/a><\/p>\n<p>[\/et_pb_text][\/et_pb_column][et_pb_column type=\u00bb1_6&#8243; _builder_version=\u00bb4.17.6&#8243; _module_preset=\u00bbdefault\u00bb global_colors_info=\u00bb{}\u00bb][et_pb_text _builder_version=\u00bb4.27.0&#8243; _module_preset=\u00bbdefault\u00bb width=\u00bb100%\u00bb custom_margin=\u00bb|-29px||-1px||\u00bb hover_enabled=\u00bb0&#8243; global_colors_info=\u00bb{}\u00bb sticky_enabled=\u00bb0&#8243; custom_padding=\u00bb|0px||||\u00bb]<\/p>\n<p><strong>Sucursal Monterrey<\/strong><br \/>Diego Montemayor No. 1101<br \/>Col. Centro ,Monterrey N.L.\u00a0 C.P. 64000<br \/>Tel. 8183751095 &#8211; 8183725151<br \/>email.lmachado@rinnai.mx<\/p>\n<p><a href=\"https:\/\/maps.app.goo.gl\/34gQEGa18hxia3Bn8\" target=\"_blank\" rel=\"noopener\">Ver en mapa<\/a><\/p>\n<p>[\/et_pb_text][\/et_pb_column][et_pb_column type=\u00bb1_6&#8243; _builder_version=\u00bb4.17.6&#8243; _module_preset=\u00bbdefault\u00bb global_colors_info=\u00bb{}\u00bb][et_pb_text _builder_version=\u00bb4.17.6&#8243; _module_preset=\u00bbdefault\u00bb global_colors_info=\u00bb{}\u00bb]<strong>Sucursal Guadalajara<\/strong><br \/>\nRub\u00e9n Dar\u00edo 322<br \/>\nCol. Circunvalaci\u00f3n Vallarta<br \/>\nGuadalajara . Jalisco C.P. 44680<br \/>\nTel. 336350675 &#8211; 3336350557<br \/>\nemail. <a href=\"mailto:esalazar@rinnai.mx\">esalazar@rinnai.mx<\/a><br \/>\n<a href=\"https:\/\/maps.app.goo.gl\/34gQEGa18hxia3Bn8\" target=\"_blank\" rel=\"noopener\">Ver en mapa<\/a>[\/et_pb_text][\/et_pb_column][et_pb_column type=\u00bb1_6&#8243; _builder_version=\u00bb4.17.6&#8243; _module_preset=\u00bbdefault\u00bb global_colors_info=\u00bb{}\u00bb][et_pb_text _builder_version=\u00bb4.27.0&#8243; _module_preset=\u00bbdefault\u00bb hover_enabled=\u00bb0&#8243; global_colors_info=\u00bb{}\u00bb sticky_enabled=\u00bb0&#8243;]<\/p>\n<p><strong>Sucursal Le\u00f3n<\/strong><\/p>\n<p>Prol. Calzada No.205<br \/>Col. La Martinica<br \/>Le\u00f3n, Guanjuato C.P. 37500<br \/>Tel. 4777630705 &#8211; 4777630706<br \/>email. <a href=\"mailto:dgonzalez@rinnai.mx\">dgonzalez@rinnai.mx<\/a><\/p>\n<p><a href=\"https:\/\/maps.app.goo.gl\/tkZBn7c4D9jFBEko7\">Ver en mapa<\/a><\/p>\n<p>[\/et_pb_text][\/et_pb_column][et_pb_column type=\u00bb1_6&#8243; _builder_version=\u00bb4.17.6&#8243; _module_preset=\u00bbdefault\u00bb global_colors_info=\u00bb{}\u00bb][et_pb_text _builder_version=\u00bb4.27.0&#8243; _module_preset=\u00bbdefault\u00bb hover_enabled=\u00bb0&#8243; sticky_enabled=\u00bb0&#8243; width=\u00bb100%\u00bb]<\/p>\n<p><strong>Sucursal Mazatl\u00e1n.<\/strong><\/p>\n<p><span>Ram\u00f3n L\u00f3pez Alvarado No. 323 Loc. 1 Fracc. Palos Prietos.<\/span><br \/><span>82010 Mazatl\u00e1n<\/span><br \/><span>Sinaloa. Tel.6699813774<\/span><\/p>\n<p><span><a href=\"mailto:mcarranco@rinnai.mx\">mcarranco@rinnai.mx<\/a><\/span><\/p>\n<p><a href=\"https:\/\/maps.app.goo.gl\/UntpEDz1WUqkxSww8\"><span>Ver en mapa<\/span><\/a><\/p>\n<p>&nbsp;<\/p>\n<p>&nbsp;<\/p>\n<p>[\/et_pb_text][\/et_pb_column][et_pb_column type=\u00bb1_6&#8243; _builder_version=\u00bb4.17.6&#8243; _module_preset=\u00bbdefault\u00bb global_colors_info=\u00bb{}\u00bb][et_pb_text _builder_version=\u00bb4.27.0&#8243; _module_preset=\u00bbdefault\u00bb hover_enabled=\u00bb0&#8243; sticky_enabled=\u00bb0&#8243; custom_margin=\u00bb|||-69px||\u00bb]<\/p>\n<p><strong>Sucursal M\u00e9rida<\/strong><\/p>\n<p><span>Calle 17 No. 198-2, entre calle 18 y 20, Col. M\u00e9xico Oriente<\/span><br \/><span>97137 M\u00e9rida, <\/span><span>Yucat\u00e1n.<\/span><\/p>\n<p><span><a href=\"mailto:elopez@rinnai.mx\">elopez@rinnai.mx<\/a><\/span><\/p>\n<p><a href=\"https:\/\/maps.app.goo.gl\/tkZBn7c4D9jFBEko7\"><span>Ver en mapa\u00a0<\/span><\/a><\/p>\n<p>[\/et_pb_text][\/et_pb_column][\/et_pb_row][\/et_pb_section][et_pb_section fb_built=\u00bb1&#8243; theme_builder_area=\u00bbpost_content\u00bb _builder_version=\u00bb4.27.0&#8243; _module_preset=\u00bbdefault\u00bb min_height=\u00bb118px\u00bb custom_padding=\u00bb20px||0px|||\u00bb custom_margin=\u00bb-114px||-628px|||\u00bb disabled_on=\u00bbon|on|off\u00bb hover_enabled=\u00bb0&#8243; sticky_enabled=\u00bb0&#8243;][et_pb_row _builder_version=\u00bb4.27.0&#8243; _module_preset=\u00bbdefault\u00bb column_structure=\u00bb1_6,1_6,1_6,1_6,1_6,1_6&#8243; theme_builder_area=\u00bbpost_content\u00bb custom_margin=\u00bb-207px|83px|-1px|326px||\u00bb max_width=\u00bb2032px\u00bb hover_enabled=\u00bb0&#8243; sticky_enabled=\u00bb0&#8243; min_height=\u00bb342px\u00bb custom_padding=\u00bb202px|0px|141px|||\u00bb disabled_on=\u00bbon|on|off\u00bb animation_style=\u00bbflip\u00bb][et_pb_column _builder_version=\u00bb4.27.0&#8243; _module_preset=\u00bbdefault\u00bb type=\u00bb1_6&#8243; theme_builder_area=\u00bbpost_content\u00bb][et_pb_code _builder_version=\u00bb4.27.0&#8243; _module_preset=\u00bbdefault\u00bb theme_builder_area=\u00bbpost_content\u00bb hover_enabled=\u00bb0&#8243; sticky_enabled=\u00bb0&#8243; custom_padding=\u00bb|0px||||\u00bb]<iframe src=\"https:\/\/www.google.com\/maps\/embed?pb=!1m18!1m12!1m3!1d2235.798923073669!2d-99.21158175318853!3d19.53514695571028!2m3!1f0!2f0!3f0!3m2!1i1024!2i768!4f13.1!3m3!1m2!1s0x85d21d381e56f30b%3A0x92d93e2a476f6433!2sINDUSTRIAS%20MASS%20S.A%20DE%20C.V!5e0!3m2!1ses!2smx!4v1730125256568!5m2!1ses!2smx\" width=\"400\" height=\"300\" style=\"border:0;\" allowfullscreen=\"\" loading=\"lazy\" referrerpolicy=\"no-referrer-when-downgrade\"><\/iframe>[\/et_pb_code][\/et_pb_column][et_pb_column _builder_version=\u00bb4.27.0&#8243; _module_preset=\u00bbdefault\u00bb type=\u00bb1_6&#8243; theme_builder_area=\u00bbpost_content\u00bb][et_pb_code _builder_version=\u00bb4.27.0&#8243; _module_preset=\u00bbdefault\u00bb theme_builder_area=\u00bbpost_content\u00bb hover_enabled=\u00bb0&#8243; sticky_enabled=\u00bb0&#8243;]<iframe src=\"https:\/\/www.google.com\/maps\/embed?pb=!1m18!1m12!1m3!1d3595.6205353262526!2d-100.30609892393461!3d25.683870811815606!2m3!1f0!2f0!3f0!3m2!1i1024!2i768!4f13.1!3m3!1m2!1s0x8662959255555555%3A0xb1043dd95e36536b!2sIndustria%20Mass!5e0!3m2!1ses!2smx!4v1730127323129!5m2!1ses!2smx\" width=\"400\" height=\"300\" style=\"border:0;\" allowfullscreen=\"\" loading=\"lazy\" referrerpolicy=\"no-referrer-when-downgrade\"><\/iframe>[\/et_pb_code][\/et_pb_column][et_pb_column _builder_version=\u00bb4.27.0&#8243; _module_preset=\u00bbdefault\u00bb type=\u00bb1_6&#8243; theme_builder_area=\u00bbpost_content\u00bb][et_pb_code _builder_version=\u00bb4.27.0&#8243; _module_preset=\u00bbdefault\u00bb theme_builder_area=\u00bbpost_content\u00bb hover_enabled=\u00bb0&#8243; sticky_enabled=\u00bb0&#8243;]<iframe src=\"https:\/\/www.google.com\/maps\/embed?pb=!1m18!1m12!1m3!1d3732.685927359118!2d-103.38759412403653!3d20.68235289958488!2m3!1f0!2f0!3f0!3m2!1i1024!2i768!4f13.1!3m3!1m2!1s0x8428b221bfde93eb%3A0x8ea08d84ae055034!2sIndustrias%20MASS%20S.A.DE.C.V!5e0!3m2!1ses!2smx!4v1730127753059!5m2!1ses!2smx\" width=\"400\" height=\"300\" style=\"border:0;\" allowfullscreen=\"\" loading=\"lazy\" referrerpolicy=\"no-referrer-when-downgrade\"><\/iframe>[\/et_pb_code][\/et_pb_column][et_pb_column _builder_version=\u00bb4.27.0&#8243; _module_preset=\u00bbdefault\u00bb type=\u00bb1_6&#8243; theme_builder_area=\u00bbpost_content\u00bb][et_pb_code _builder_version=\u00bb4.27.0&#8243; _module_preset=\u00bbdefault\u00bb theme_builder_area=\u00bbpost_content\u00bb hover_enabled=\u00bb0&#8243; sticky_enabled=\u00bb0&#8243;]<iframe src=\"https:\/\/www.google.com\/maps\/embed?pb=!1m18!1m12!1m3!1d3721.8726699300696!2d-101.66739122402868!3d21.117641984718507!2m3!1f0!2f0!3f0!3m2!1i1024!2i768!4f13.1!3m3!1m2!1s0x842bbfc28c062be9%3A0x5981cefcf68f92ef!2sIndustrias%20Mass%2C%20Una%20Empresa%20Rinnai%20%22Sucursal%20Le%C3%B3n%22!5e0!3m2!1ses!2smx!4v1730127815205!5m2!1ses!2smx\" width=\"400\" height=\"300\" style=\"border:0;\" allowfullscreen=\"\" loading=\"lazy\" referrerpolicy=\"no-referrer-when-downgrade\"><\/iframe>[\/et_pb_code][\/et_pb_column][et_pb_column _builder_version=\u00bb4.27.0&#8243; _module_preset=\u00bbdefault\u00bb type=\u00bb1_6&#8243; theme_builder_area=\u00bbpost_content\u00bb][et_pb_code _builder_version=\u00bb4.27.0&#8243; _module_preset=\u00bbdefault\u00bb theme_builder_area=\u00bbpost_content\u00bb hover_enabled=\u00bb0&#8243; sticky_enabled=\u00bb0&#8243;]<iframe src=\"https:\/\/www.google.com\/maps\/embed?pb=!1m18!1m12!1m3!1d3666.452392809065!2d-106.42520992398777!3d23.226619208681445!2m3!1f0!2f0!3f0!3m2!1i1024!2i768!4f13.1!3m3!1m2!1s0x869f53748a6844e9%3A0xc6d31631d47ce3d3!2sIndustrias%20MASS!5e0!3m2!1ses!2smx!4v1730127894580!5m2!1ses!2smx\" width=\"400\" height=\"300\" style=\"border:0;\" allowfullscreen=\"\" loading=\"lazy\" referrerpolicy=\"no-referrer-when-downgrade\"><\/iframe>[\/et_pb_code][\/et_pb_column][et_pb_column _builder_version=\u00bb4.27.0&#8243; _module_preset=\u00bbdefault\u00bb type=\u00bb1_6&#8243; theme_builder_area=\u00bbpost_content\u00bb][et_pb_code _builder_version=\u00bb4.27.0&#8243; _module_preset=\u00bbdefault\u00bb theme_builder_area=\u00bbpost_content\u00bb hover_enabled=\u00bb0&#8243; sticky_enabled=\u00bb0&#8243;]<iframe src=\"https:\/\/www.google.com\/maps\/embed?pb=!1m18!1m12!1m3!1d3724.7469372732153!2d-89.60622762403075!3d21.00277888866909!2m3!1f0!2f0!3f0!3m2!1i1024!2i768!4f13.1!3m3!1m2!1s0x8f5676cbceaef90d%3A0x6c3cbe94bb0bc663!2sIndustrias%20Mass%2C%20S.A.%20De%20C.V.!5e0!3m2!1ses!2smx!4v1730128193790!5m2!1ses!2smx\" width=\"400\" height=\"300\" style=\"border:0;\" allowfullscreen=\"\" loading=\"lazy\" referrerpolicy=\"no-referrer-when-downgrade\"><\/iframe>[\/et_pb_code][\/et_pb_column][\/et_pb_row][\/et_pb_section][et_pb_section fb_built=\u00bb1&#8243; disabled_on=\u00bboff|off|off\u00bb admin_label=\u00bbSplit Section\u00bb _builder_version=\u00bb4.16&#8243; custom_padding=\u00bb14px||0px|||\u00bb animation_style=\u00bbfold\u00bb animation_direction=\u00bbbottom\u00bb animation_intensity_fold=\u00bb4%\u00bb locked=\u00bboff\u00bb global_colors_info=\u00bb{}\u00bb custom_margin=\u00bb-155px||-46px|||\u00bb min_height=\u00bb198.6px\u00bb][\/et_pb_section]<\/p>\n","protected":false},"excerpt":{"rendered":"<p>Matriz Recursos Petroleros #5. Col. La LomaTlalnepantla, Edo. de M\u00e9xico. C.P. 54060Tel. 5553979800 \u00a0Ver en mapaSucursal MonterreyDiego Montemayor No. 1101Col. Centro ,Monterrey N.L.\u00a0 C.P. 64000Tel. 8183751095 &#8211; 8183725151email.lmachado@rinnai.mx Ver en mapaSucursal Guadalajara Rub\u00e9n Dar\u00edo 322 Col. Circunvalaci\u00f3n Vallarta Guadalajara . Jalisco C.P. 44680 Tel. 336350675 &#8211; 3336350557 email. esalazar@rinnai.mx Ver en mapaSucursal Le\u00f3n Prol. Calzada [&hellip;]<\/p>\n","protected":false},"author":1,"featured_media":0,"parent":0,"menu_order":0,"comment_status":"closed","ping_status":"closed","template":"","meta":{"_et_pb_use_builder":"on","_et_pb_old_content":"","_et_gb_content_width":"","footnotes":""},"class_list":["post-567","page","type-page","status-publish","hentry"],"_links":{"self":[{"href":"https:\/\/indmass.com.mx\/home\/wp-json\/wp\/v2\/pages\/567","targetHints":{"allow":["GET"]}}],"collection":[{"href":"https:\/\/indmass.com.mx\/home\/wp-json\/wp\/v2\/pages"}],"about":[{"href":"https:\/\/indmass.com.mx\/home\/wp-json\/wp\/v2\/types\/page"}],"author":[{"embeddable":true,"href":"https:\/\/indmass.com.mx\/home\/wp-json\/wp\/v2\/users\/1"}],"replies":[{"embeddable":true,"href":"https:\/\/indmass.com.mx\/home\/wp-json\/wp\/v2\/comments?post=567"}],"version-history":[{"count":34,"href":"https:\/\/indmass.com.mx\/home\/wp-json\/wp\/v2\/pages\/567\/revisions"}],"predecessor-version":[{"id":1045,"href":"https:\/\/indmass.com.mx\/home\/wp-json\/wp\/v2\/pages\/567\/revisions\/1045"}],"wp:attachment":[{"href":"https:\/\/indmass.com.mx\/home\/wp-json\/wp\/v2\/media?parent=567"}],"curies":[{"name":"wp","href":"https:\/\/api.w.org\/{rel}","templated":true}]}}