{"id":159,"date":"2024-02-01T14:49:34","date_gmt":"2024-02-01T14:49:34","guid":{"rendered":"https:\/\/indmass.com.mx\/home\/?page_id=159"},"modified":"2024-03-21T16:08:14","modified_gmt":"2024-03-21T16:08:14","slug":"empresa","status":"publish","type":"page","link":"https:\/\/indmass.com.mx\/home\/empresa\/","title":{"rendered":"Empresa"},"content":{"rendered":"<p>[et_pb_section fb_built=\u00bb1&#8243; fullwidth=\u00bbon\u00bb _builder_version=\u00bb4.17.6&#8243; _module_preset=\u00bbdefault\u00bb global_colors_info=\u00bb{}\u00bb][\/et_pb_section][et_pb_section fb_built=\u00bb1&#8243; _builder_version=\u00bb4.17.6&#8243; _module_preset=\u00bbdefault\u00bb hover_enabled=\u00bb0&#8243; global_colors_info=\u00bb{}\u00bb custom_padding=\u00bb|0px|0px||false|false\u00bb height=\u00bb990px\u00bb max_height=\u00bb824px\u00bb min_height=\u00bb742px\u00bb sticky_enabled=\u00bb0&#8243; custom_margin=\u00bb||-1px||false|false\u00bb max_width=\u00bb100%\u00bb width=\u00bb100%\u00bb][et_pb_row column_structure=\u00bb1_4,1_4,1_4,1_4&#8243; _builder_version=\u00bb4.17.6&#8243; _module_preset=\u00bbdefault\u00bb width=\u00bb100%\u00bb max_width=\u00bb1641px\u00bb module_alignment=\u00bbcenter\u00bb min_height=\u00bb755.4px\u00bb max_height=\u00bb997px\u00bb custom_margin=\u00bb|36px|81px|auto|false|false\u00bb custom_padding=\u00bb165px|0px|93px|||\u00bb animation_style=\u00bbflip\u00bb custom_css_main_element=\u00bbmin-width: 500px;||max-width: 100%;\u00bb global_colors_info=\u00bb{}\u00bb][et_pb_column type=\u00bb1_4&#8243; _builder_version=\u00bb4.17.6&#8243; _module_preset=\u00bbdefault\u00bb custom_css_main_element=\u00bbmin-width: 200px;||||max-width: 20%;\u00bb global_colors_info=\u00bb{}\u00bb][et_pb_image src=\u00bbhttps:\/\/indmass.com.mx\/home\/wp-content\/uploads\/2024\/03\/1.png\u00bb title_text=\u00bb1&#8243; _builder_version=\u00bb4.17.6&#8243; _module_preset=\u00bbdefault\u00bb custom_padding=\u00bb|0px|0px|||\u00bb hover_enabled=\u00bb0&#8243; global_colors_info=\u00bb{}\u00bb sticky_enabled=\u00bb0&#8243;][\/et_pb_image][\/et_pb_column][et_pb_column type=\u00bb1_4&#8243; _builder_version=\u00bb4.17.6&#8243; _module_preset=\u00bbdefault\u00bb custom_css_main_element=\u00bbmin-width: 200px;||||max-width: 20%;\u00bb global_colors_info=\u00bb{}\u00bb][et_pb_text _builder_version=\u00bb4.17.6&#8243; _module_preset=\u00bbdefault\u00bb width=\u00bb119.2%\u00bb custom_margin=\u00bb|-198px||||\u00bb custom_padding=\u00bb|63px||||\u00bb global_colors_info=\u00bb{}\u00bb]<\/p>\n<p><img decoding=\"async\" src=\"https:\/\/indmass.com.mx\/home\/wp-content\/uploads\/2024\/03\/logo1.png\" width=\"160\" height=\"142\" alt=\"\" class=\"wp-image-379 alignnone size-full\" style=\"display: block; margin-left: auto; margin-right: auto;\" \/><\/p>\n<p style=\"text-align: justify;\">Fundada en 1964, Industrias MASS el fabricante l\u00edder de calentadores de agua comerciales en M\u00e9xico, contando con aproximadamente un tercio de la participaci\u00f3n del mercado en el segmento comercial.<\/p>\n<p style=\"text-align: justify;\">Con una planta de m\u00e1s de 8000 metros cuadrados y m\u00e1s de cien empleados en todo el pa\u00eds, Industrias MASS tambi\u00e9n se especializa en la producci\u00f3n de sistemas de tratamiento de agua y en la manufactura de tanques de agua comerciales que integran una avanzada tecnolog\u00eda y una excelente red de servicio.<\/p>\n<p>[\/et_pb_text][\/et_pb_column][et_pb_column type=\u00bb1_4&#8243; _builder_version=\u00bb4.17.6&#8243; _module_preset=\u00bbdefault\u00bb custom_css_main_element=\u00bbmin-width: 200px;||||max-width: 20%;\u00bb global_colors_info=\u00bb{}\u00bb][et_pb_text _builder_version=\u00bb4.17.6&#8243; _module_preset=\u00bbdefault\u00bb custom_margin=\u00bb-26px|||||\u00bb global_colors_info=\u00bb{}\u00bb]<\/p>\n<p><img decoding=\"async\" src=\"https:\/\/indmass.com.mx\/home\/wp-content\/uploads\/2024\/03\/logo2.png\" width=\"198\" height=\"175\" alt=\"\" class=\"wp-image-381 alignnone size-full\" style=\"display: block; margin-left: auto; margin-right: auto;\" \/><\/p>\n<p style=\"text-align: justify;\">Rinnai America Corporation, adquiere Industrias MASS; Empresa con 58 a\u00f1os de experiencia en la fabricaci\u00f3n de Calentadores de Agua para piscinas y servicios generales de la marca MASSTERCAL, Equipos de Tratamiento y purificaci\u00f3n AQUAPLUS DE MASS adem\u00e1s de tanques de Almacenamiento de Agua Clara MASSTANQ.<\/p>\n<p style=\"text-align: justify;\">Rinnai America Corporation, va en l\u00ednea con la Iniciativa de Desarrollo Estrat\u00e9gico, pensada para acelerar la presencia de la compa\u00f1\u00eda en la regi\u00f3n por medio de adquisiciones y alianzas.<\/p>\n<p>[\/et_pb_text][\/et_pb_column][et_pb_column type=\u00bb1_4&#8243; _builder_version=\u00bb4.17.6&#8243; _module_preset=\u00bbdefault\u00bb custom_css_main_element=\u00bbmin-width: 200 px||max-width: 20%;\u00bb global_colors_info=\u00bb{}\u00bb][et_pb_image src=\u00bbhttps:\/\/indmass.com.mx\/home\/wp-content\/uploads\/2024\/03\/4-6x5swhybW-transformed.png\u00bb title_text=\u00bb4-6x5swhybW-transformed\u00bb align=\u00bbcenter\u00bb _builder_version=\u00bb4.17.6&#8243; _module_preset=\u00bbdefault\u00bb positioning=\u00bbrelative\u00bb width=\u00bb147.2%\u00bb max_width=\u00bb100%\u00bb min_height=\u00bb478px\u00bb height=\u00bb448px\u00bb max_height=\u00bb912px\u00bb custom_margin=\u00bb|-43px|-309px|-32px||\u00bb custom_padding=\u00bb|8px||0px||\u00bb custom_css_main_element=\u00bbmin-width: 500px;||||max-width: 40%;\u00bb global_colors_info=\u00bb{}\u00bb][\/et_pb_image][\/et_pb_column][\/et_pb_row][\/et_pb_section][et_pb_section fb_built=\u00bb1&#8243; _builder_version=\u00bb4.17.6&#8243; _module_preset=\u00bbdefault\u00bb custom_margin=\u00bb|-210px|-509px|105px|false|false\u00bb custom_padding=\u00bb|0px||||\u00bb ab_subject=\u00bbon\u00bb ab_subject_id=\u00bb1&#8243; ab_goal=\u00bbon\u00bb global_colors_info=\u00bb{}\u00bb][et_pb_row _builder_version=\u00bb4.17.6&#8243; _module_preset=\u00bbdefault\u00bb hover_enabled=\u00bb0&#8243; global_colors_info=\u00bb{}\u00bb custom_margin=\u00bb|auto|-91px|auto|false|false\u00bb custom_padding=\u00bb||0px||false|false\u00bb sticky_enabled=\u00bb0&#8243;][et_pb_column type=\u00bb4_4&#8243; _builder_version=\u00bb4.17.6&#8243; _module_preset=\u00bbdefault\u00bb global_colors_info=\u00bb{}\u00bb][et_pb_divider _builder_version=\u00bb4.17.6&#8243; _module_preset=\u00bbdefault\u00bb global_colors_info=\u00bb{}\u00bb][\/et_pb_divider][\/et_pb_column][\/et_pb_row][\/et_pb_section][et_pb_section fb_built=\u00bb1&#8243; fullwidth=\u00bbon\u00bb _builder_version=\u00bb4.17.6&#8243; _module_preset=\u00bbdefault\u00bb max_width=\u00bb74%\u00bb module_alignment=\u00bbcenter\u00bb animation_style=\u00bbfade\u00bb global_colors_info=\u00bb{}\u00bb][et_pb_fullwidth_image src=\u00bbhttps:\/\/indmass.com.mx\/home\/wp-content\/uploads\/2024\/03\/pie-historia.png\u00bb title_text=\u00bbpie historia\u00bb _builder_version=\u00bb4.17.6&#8243; _module_preset=\u00bbdefault\u00bb global_colors_info=\u00bb{}\u00bb custom_padding=\u00bb0px|||||\u00bb][\/et_pb_fullwidth_image][\/et_pb_section][et_pb_section fb_built=\u00bb1&#8243; _builder_version=\u00bb4.17.6&#8243; _module_preset=\u00bbdefault\u00bb ab_subject=\u00bbon\u00bb ab_subject_id=\u00bb2&#8243; ab_goal=\u00bbon\u00bb global_colors_info=\u00bb{}\u00bb][\/et_pb_section]<\/p>\n","protected":false},"excerpt":{"rendered":"<p>Fundada en 1964, Industrias MASS el fabricante l\u00edder de calentadores de agua comerciales en M\u00e9xico, contando con aproximadamente un tercio de la participaci\u00f3n del mercado en el segmento comercial. Con una planta de m\u00e1s de 8000 metros cuadrados y m\u00e1s de cien empleados en todo el pa\u00eds, Industrias MASS tambi\u00e9n se especializa en la producci\u00f3n [&hellip;]<\/p>\n","protected":false},"author":1,"featured_media":0,"parent":0,"menu_order":0,"comment_status":"closed","ping_status":"closed","template":"","meta":{"_et_pb_use_builder":"on","_et_pb_old_content":"","_et_gb_content_width":"","footnotes":""},"class_list":["post-159","page","type-page","status-publish","hentry"],"_links":{"self":[{"href":"https:\/\/indmass.com.mx\/home\/wp-json\/wp\/v2\/pages\/159","targetHints":{"allow":["GET"]}}],"collection":[{"href":"https:\/\/indmass.com.mx\/home\/wp-json\/wp\/v2\/pages"}],"about":[{"href":"https:\/\/indmass.com.mx\/home\/wp-json\/wp\/v2\/types\/page"}],"author":[{"embeddable":true,"href":"https:\/\/indmass.com.mx\/home\/wp-json\/wp\/v2\/users\/1"}],"replies":[{"embeddable":true,"href":"https:\/\/indmass.com.mx\/home\/wp-json\/wp\/v2\/comments?post=159"}],"version-history":[{"count":23,"href":"https:\/\/indmass.com.mx\/home\/wp-json\/wp\/v2\/pages\/159\/revisions"}],"predecessor-version":[{"id":561,"href":"https:\/\/indmass.com.mx\/home\/wp-json\/wp\/v2\/pages\/159\/revisions\/561"}],"wp:attachment":[{"href":"https:\/\/indmass.com.mx\/home\/wp-json\/wp\/v2\/media?parent=159"}],"curies":[{"name":"wp","href":"https:\/\/api.w.org\/{rel}","templated":true}]}}